Let p(x) = -2*c(x) - 7*q(x). Determine p(5).
3
Let q(x) = 22*x**2 + x + 1. Let o(i) = -2*i**2 + 52*i + 55. Let n be o(27). Give q(n).
24
Let u(p) = p**2 + p + 1. Let n be 10/(-35) + (-19)/7. Let z be u(n). Let v(x) = -11*x + 11*x + z - 4*x. Determine v(5).
-13
Let h(p) = -113 + 4*p - 2*p + 94. Give h(8).
-3
Let b(n) = -n**2 - 3*n + 21. Let d = 7 + -13. Let a be b(d). Let z(k) = -k**3 + 2*k**2 + 3*k + 4. Calculate z(a).
4
Let l(x) = 33*x - 22. Let z(n) = 94*n - 63. Let j(b) = -17*l(b) + 6*z(b). What is j(6)?
14
Let z(b) = b - 2. Let y(s) = 2*s - 1 + 3*s - 7*s. Suppose -4*m - 1 = 3, 0 = -2*n - 4*m - 2. Let c be y(n). Calculate z(c).
-5
Let k(f) = -f**2 + f + 1. Let s = -360 - -365. Determine k(s).
-19
Let r(s) = 28*s - 12*s - s**2 - s**2 + 3. Determine r(8).
3
Let m = 4 - 4. Let a(l) be the third derivative of -1/6*l**3 + 4*l**2 + 1/12*l**4 + 0 + m*l. Calculate a(-3).
-7
Let u be (-142)/(-4 + (1 - -5)). Let m = -146 - u. Let d be 1*-1*m/15. Let f(g) = g**2 - 5*g + 7. Calculate f(d).
7
Let x be 4/2 - 12/(-3). Let r be (-5)/((135/x)/(-9)). Let f(l) = -2 + 2 + l**r - 2*l - 4. Determine f(-3).
11
Suppose 4*z + 9 = -7. Let p(o) be the second derivative of o**3/3 + 2*o**2 - 57*o. Determine p(z).
-4
Let q = -2 - -5. Suppose -4*u + 4*a = -20, -a + 1 - 5 = 0. Let k(f) = -3*f - u - 2*f**2 - 4*f + 7*f**2 - f**3 + 3*f. Give k(q).
5
Let l(f) be the third derivative of f**4/8 + 5*f**3/3 + 3*f**2 - 3. Calculate l(-5).
-5
Let n(a) = a**3 - 4*a**2 - 2*a + 5. Suppose w = -0*r - 5*r - 15, 0 = 2*w - 2*r - 18. Suppose 0 = -3*u + 12, y + 9 = w*u - 7. What is n(y)?
-3
Let v(t) = 11*t - 83. Let f be (-110)/(-14) - (-23)/161. Determine v(f).
5
Let b(v) = -9*v + 16 + 8*v - 7 + 3*v**2. Let n(s) = 7*s**2 - s + 19. Let q(w) = 9*b(w) - 4*n(w). Calculate q(-6).
-1
Let p be (-3 - -6)*((-25)/3)/5. Let n(a) be the second derivative of -a**5/20 - a**4/2 - a**3/6 + 3*a**2/2 + 26*a. What is n(p)?
-17
Let f(p) be the first derivative of p**6/360 - p**5/30 - p**4/24 + 2*p**3/3 + 11. Let z(t) be the third derivative of f(t). Determine z(3).
-4
Let f(k) be the first derivative of 3*k**2/2 + 7*k + 22. What is f(5)?
22
Let k(n) = -n**3 + 54*n**2 + 54*n + 57. Let o be k(55). Let g(q) = -4*q + 1. Give g(o).
-7
Let a(f) = -5*f - 1. Let h be a(-1). Suppose h*p + 8 = 2*p. Let m(q) be the third derivative of q**6/120 + q**5/12 + q**4/12 - q**3/2 - 2*q**2. Calculate m(p).
5
Let f(d) = d**3 - 2*d**2 + 6*d - 31. Let z be f(3). Let o(g) = -4*g - 4. Give o(z).
12
Let w(n) = -12*n + 3. Let q = 523 - 526. Calculate w(q).
39
Let w(x) = x**2 + 4*x + 6. Suppose 5*y + 4 = 4*u, y + 2*u = 3*u. Give w(y).
6
Let d = -1185 + 1200. Let y(i) = -i**2 + 16*i - 23. Determine y(d).
-8
Suppose 6*r - 3*r = 4*b - 9, -11 = -2*b - 5*r. Suppose b*s + 14 = 2*i, -6*s - 2*i = -7*s - 10. Let p(o) = -2*o**3 - 3*o**2 - 3*o - 3. Calculate p(s).
7
Let v(x) be the third derivative of 0*x + 1/2*x**3 - 1/60*x**5 - x**2 + 1/6*x**4 + 0. Suppose -7*k + 35 = 7. What is v(k)?
3
Let m(s) = s**2 - 6*s + 10. Let j = -1194 + 1198. What is m(j)?
2
Let b(g) = 2*g**3 + 7*g**2 - g - 11. Let l be b(-5). Let f = -34 - l. Suppose 5*n + f = 3*y + 11, n = -2*y + 11. Let x(h) = h**2 - 5*h - 7. Calculate x(y).
7
Let r = 286 + -282. Let s(j) be the second derivative of 1/6*j**3 + j**2 + 0 - 1/4*j**r + 2*j + 1/20*j**5. Determine s(3).
5
Let b(m) = -10*m**3 - 4*m**2 - 2. Let n be b(-2). Let x = n - 68. Let w(s) = -6*s + 3*s**2 - 2*s**2 + 4 - 2*s**2. What is w(x)?
4
Let x(m) be the third derivative of m**4/24 - m**3/3 - m**2. Let a = -158 + 104. Let c = 56 + a. What is x(c)?
0
Suppose -3*n - 3 + 0 = 2*t, 0 = -4*t - 4*n. Let c(s) = 3 + 7*s - 6 + t. Calculate c(2).
14
Let t(s) = 12*s - 25. Let r(l) = 7*l - 13. Let a(h) = -5*r(h) + 3*t(h). Suppose -2*w = -4*v + 22, -2*v - 18 = -5*v + w. Determine a(v).
-3
Let l(s) = 3*s**3 - 4*s**3 + 10*s**2 - s - 3*s**2 + 2 - 3*s**3 + 5*s**3. Determine l(-5).
57
Let p(y) = -y**2 + 14*y + 6. Suppose -398*k + 75 = -393*k. Give p(k).
-9
Let p = -31 + 28. Suppose 3*o = 5*u - 10*u + 84, 4*o - 72 = -4*u. Let b(y) = -2 - y**2 + u*y + 2*y**2 - 12*y. Determine b(p).
-2
Let x(c) = -c**2 + 13*c - 10. Let r be x(5). Suppose 0 = -n + 3*z - 10, n + 3*z = -2*n + r. Let g(b) = -b**2 + 2*b + 6. What is g(n)?
-9
Let w(a) be the first derivative of 5/3*a**3 + 1/4*a**4 - a + a**2 + 2. Suppose 0 = t - 2*k + 4*k - 5, 25 = 5*k. Determine w(t).
-11
Let j(g) = 49*g + 43*g - 137*g + 49*g - 3. Give j(-4).
-19
Let f(b) = -5*b + 5 + 2 + b**2 - 1. Let p be -29 - ((-2)/2)/((-3)/(-6)). Let q = -22 - p. Calculate f(q).
6
Let m(q) be the second derivative of -q**5/20 + 19*q**4/12 - 17*q**3/6 - 21*q**2/2 - 2*q + 96. Determine m(18).
-3
Let v(l) = 9*l - 3*l - 11 - 3*l + 5 - 2*l. Let j(c) = 4*c**2 - 4*c + 3. Let n be j(2). Let y = n - 4. What is v(y)?
1
Let h(q) = 22*q**2 - 8*q + 3. Let t(n) = 62*n**2 - 23*n + 9. Let r(v) = -17*h(v) + 6*t(v). Suppose 3*d - 5*u = -9, d - 4*u = 5*d - 20. Give r(d).
-9
Suppose -58 = 8*u - 138. Let l(p) = p**3 - 9*p**2 - 11*p + 8. Give l(u).
-2
Let f be (-2)/(-10) - 39/(-5). Let m(q) be the third derivative of -q**5/60 + 5*q**4/24 - q**3 - 2*q**2 - 305*q. What is m(f)?
-30
Let c(v) = -6*v + 7 - 23 + 5*v + 4. Give c(-9).
-3
Let v(f) = -f**3 + 30*f**2 - 31*f + 70. Let y be v(29). Let m(h) = h**2 - 12*h + 4. Give m(y).
4
Let l(z) be the third derivative of -z**4/24 - z**3/3 - 10334*z**2. Suppose 2*k - w - 3 = -0, 2*k + w = -3. Suppose k - 12 = 4*q. Determine l(q).
1
Let q(a) = a - 2. Let g = 7 - 3. Let i be (g + -7 - -15)*-1. Let r be (-87)/i - (-6)/(-24). Calculate q(r).
5
Let w(y) = y - 1. Let x be w(-6). Let b(q) = q**3 + 7*q**2 - 2*q + 1. Let d be b(x). Suppose -4*j - d = j. Let h(r) = r**3 + 2*r**2 - r - 1. Determine h(j).
-7
Let h be 2/(-18)*-3*6/1. Let d(w) = -11*w**h + 12*w**2 - 4 - 2*w**2 + 7*w. What is d(7)?
-4
Suppose -9 = 4*r - 65. Let u(s) = s**3 - 15*s**2 + 15*s - 5. Give u(r).
9
Let h(x) be the second derivative of x**7/2520 + x**6/90 + x**5/24 + x**4/4 - 7*x. Let j(r) be the third derivative of h(r). Calculate j(-5).
-10
Let t(o) = 6*o**2 + o. Let r(d) = -d**2 - 7*d + 29. Let a be r(-10). Calculate t(a).
5
Let c(v) = v**3 - 9*v**2 + 2*v + 6. Let h(k) = k - 14 + 42 + k**3 - 23 - 8*k**2. Let x(p) = -3*c(p) + 4*h(p). Calculate x(5).
-8
Let q(p) = -p**3 + p**2 + 4. Let u be q(0). Suppose -u*c + 6*c = 20. Let w be c/(-8) + 21/(-28). Let a(o) = o**3 + o**2 - 3*o - 1. Determine a(w).
1
Let y(k) be the first derivative of k**5/8 + k**4/24 - 8*k**3/3 - 3. Let w(b) be the third derivative of y(b). What is w(1)?
16
Let w(p) = -33*p + 62*p - 2 - 34*p. Give w(2).
-12
Let v(u) = -u**2 + 0*u**2 - 3*u - 3*u - 3. Suppose -2*b - 4*w + 7 + 3 = 0, -2*w = 3*b + 5. What is v(b)?
2
Let r(b) be the third derivative of b**6/24 - b**4/24 - b**3/6 + b**2 + 55*b. Give r(-1).
-5
Let g = 46 - 98. Let x = -43 - g. Let k(f) = f**3 - 9*f**2 - 4. Determine k(x).
-4
Let h = 30 + -28. Let w(x) = -x**2 + x**3 + 5*x**h - 3*x**2 + 3*x**2 - 4 - 5*x. Determine w(-5).
-4
Let v(a) = -a**3 - 7*a**2 - a - 1. Suppose -4*i = -4*o - 7*i - 37, -o - 3*i = 16. What is v(o)?
6
Let z be ((-3)/2)/(36/(-72)). Let d(v) = -8*v - 4. Let u(c) = -8*c - 3. Let p(a) = z*d(a) - 4*u(a). Calculate p(-2).
-16
Let p(y) = -2*y**2 - 2*y + 3. Suppose 3*b + 16 = -5*r, -2*b = 2*r + 1 + 3. Suppose -24 = -4*d + 4*i, -3*d - b*i = 4 + 2. Calculate p(d).
-9
Let s be ((-3)/(-2))/((-12)/16). Let t(b) = 6*b - 53. Let w(a) = -6*a + 42. Let u(f) = -4*t(f) - 5*w(f). Give u(s).
-10
Let b(y) = -26*y + 5. Suppose 0 = 4*v - 4 - 12, -x + 4*v - 15 = 0. Determine b(x).
-21
Let g(j) = 13*j - 34. Let i be g(2). Let b(q) be the second derivative of -q**3/3 - 4*q**2 + q. What is b(i)?
8
Let m(v) be the second derivative of -v**4/24 - v**3/6 - 25*v**2/2 + 24*v. Let a(w) be the first derivative of m(w). Calculate a(-4).
3
Let g(m) = 2*m**3 - 12*m**2 - 32*m + 183. Let r be g(6). Let f(l) = l**2 + 9*l + 10. Calculate f(r).
10
Let a(i) = i**2 + 12. Let v = -22 + 24. Suppose -5*q + v*u + 2 = 0, -5*u - 1 = 4. Determine a(q).
12
Let x be (-8)/(-10)*150/(-20). Let c(g) = 5*g**2 - 23*g + 13. Let s(b) = -2*b**2 + 8*b - 4. Let p(r) = -3*c(r) - 8*s(r). Calculate p(x).
-1
Let h(c) = c**3 + 13*c**2 + 3. Let n be h(-13). Let z(l) = n*l**2 + 2*l**2 + 2*l - 6*l**2. Calculate z(2).
0
Let b(k) be the second derivative of -k*